{"id":5,"date":"2020-01-13T11:17:52","date_gmt":"2020-01-13T11:17:52","guid":{"rendered":"https:\/\/demosites.io\/web-agency-gb\/?page_id=5"},"modified":"2024-11-24T18:15:15","modified_gmt":"2024-11-24T17:15:15","slug":"15c42-web-agency-gb-home","status":"publish","type":"page","link":"https:\/\/clairegaultier.fr\/","title":{"rendered":"Home"},"content":{"rendered":"\n<div class=\"wp-block-cover alignfull is-light\" style=\"min-height:700px;aspect-ratio:unset;\"><span aria-hidden=\"true\" class=\"wp-block-cover__background has-background-dim-0 has-background-dim\"><\/span><img loading=\"lazy\" decoding=\"async\" width=\"1366\" height=\"768\" class=\"wp-block-cover__image-background wp-image-109\" alt=\"\" src=\"http:\/\/clairegaultier.fr\/wp-content\/uploads\/2020\/07\/web-design-studio-01.jpg.jpg\" style=\"object-position:50% 64%\" data-object-fit=\"cover\" data-object-position=\"50% 64%\" srcset=\"https:\/\/clairegaultier.fr\/wp-content\/uploads\/2020\/07\/web-design-studio-01.jpg.jpg 1366w, https:\/\/clairegaultier.fr\/wp-content\/uploads\/2020\/07\/web-design-studio-01.jpg-300x169.jpg 300w\" sizes=\"auto, (max-width: 1366px) 100vw, 1366px\" \/><div class=\"wp-block-cover__inner-container is-layout-flow wp-block-cover-is-layout-flow\">\n<div style=\"height:80px\" aria-hidden=\"true\" class=\"wp-block-spacer\"><\/div>\n\n\n\n<h1 class=\"wp-block-heading has-text-align-center has-text-color\" style=\"color:#121212\">Claire Gaultier<\/h1>\n\n\n<div class=\"wp-block-image\">\n<figure class=\"aligncenter size-full\"><img loading=\"lazy\" decoding=\"async\" width=\"263\" height=\"200\" src=\"https:\/\/clairegaultier.fr\/wp-content\/uploads\/2023\/06\/claire.jpg\" alt=\"\" class=\"wp-image-379\"\/><\/figure>\n<\/div>\n\n\n<h2 class=\"wp-block-heading has-text-align-center\">Psychoth\u00e9rapeute<\/h2>\n\n\n\n<p class=\"has-text-align-center\"><strong><a href=\"https:\/\/www.doctolib.fr\/psychotherapeute\/paris\/claire-gaultier-crescitz\" target=\"_blank\" rel=\"noreferrer noopener\">Cliquez ici pour prendre rendez-vous sur Doctolib<\/a><\/strong><\/p>\n\n\n\n<h3 class=\"wp-block-heading has-text-align-center\">Sp\u00e9cialiste du traitement des troubles psychosociaux<\/h3>\n\n\n\n<h4 class=\"wp-block-heading has-text-align-center\">Dipl\u00f4m\u00e9e Master 2 psychopathologie et clinique Universit\u00e9 Paris Cit\u00e9 1987<\/h4>\n\n\n\n<h5 class=\"wp-block-heading has-text-align-center\">Num\u00e9ro RPPS: 759319585<\/h5>\n\n\n\n<h5 class=\"wp-block-heading has-text-align-center\">25 rue Balard Paris 15e &#8211; 06 07 41 26 51<\/h5>\n\n\n\n<div style=\"height:100px\" aria-hidden=\"true\" class=\"wp-block-spacer\"><\/div>\n\n\n\n<div style=\"height:80px\" aria-hidden=\"true\" class=\"wp-block-spacer\"><\/div>\n\n\n\n<div style=\"height:80px\" aria-hidden=\"true\" class=\"wp-block-spacer\"><\/div>\n<\/div><\/div>\n\n\n\n<div style=\"height:80px\" aria-hidden=\"true\" class=\"wp-block-spacer\"><\/div>\n\n\n\n<div class=\"wp-block-columns is-layout-flex wp-container-core-columns-is-layout-9d6595d7 wp-block-columns-is-layout-flex\">\n<div class=\"wp-block-column is-layout-flow wp-block-column-is-layout-flow\"><div class=\"wp-block-image icon-style is-style-rounded\">\n<figure class=\"aligncenter size-large\"><img decoding=\"async\" src=\"http:\/\/clairegaultier.fr\/wp-content\/uploads\/2020\/01\/neve-webdesign-GB-03.png\" alt=\"\" class=\"wp-image-20\" title=\"\"\/><\/figure>\n<\/div>\n\n\n<div style=\"height:20px\" aria-hidden=\"true\" class=\"wp-block-spacer\"><\/div>\n\n\n\n<h3 class=\"wp-block-heading has-text-align-center has-neve-text-color-color has-text-color\">Pourquoi consulter ?<\/h3>\n\n\n\n<p class=\"has-text-align-center\">J&#8217;interviens aupr\u00e8s de toute personne ayant perdu confiance en soi, vivant un mal-\u00eatre, se repliant sur elle-m\u00eame, se sentant \u00ab&nbsp;emp\u00each\u00e9e&nbsp;\u00bb dans son quotidien, ses projets et plus globalement en souffrance psychologique.<\/p>\n\n\n\n<p class=\"has-text-align-center\"><strong>Sp\u00e9cialis\u00e9e<\/strong> en mati\u00e8re de souffrance li\u00e9e \u00e0 l\u2019activit\u00e9<br>professionnelle (surmenage, harc\u00e8lement \u2026), je justifie d&#8217;une exp\u00e9rience professionnelle dans de grandes entreprises \u00e0 diff\u00e9rentes fonctions depuis plus de 20 ans.<\/p>\n\n\n\n<div style=\"height:20px\" aria-hidden=\"true\" class=\"wp-block-spacer\"><\/div>\n<\/div>\n\n\n\n<div class=\"wp-block-column is-layout-flow wp-block-column-is-layout-flow\"><div class=\"wp-block-image icon-style is-style-rounded\">\n<figure class=\"aligncenter size-large\"><img decoding=\"async\" src=\"http:\/\/clairegaultier.fr\/wp-content\/uploads\/2020\/01\/neve-webdesign-GB-04.png\" alt=\"\" class=\"wp-image-21\"\/><\/figure>\n<\/div>\n\n\n<div style=\"height:20px\" aria-hidden=\"true\" class=\"wp-block-spacer\"><\/div>\n\n\n\n<h3 class=\"wp-block-heading has-text-align-center has-neve-text-color-color has-text-color\">Contenu des s\u00e9ances<\/h3>\n\n\n\n<p class=\"has-text-align-center\">Intuition, exploration et raisonnement partag\u00e9s avec vous sur les probl\u00e9matiques qui am\u00e8nent au traitement des troubles affectifs, comportementaux, psychologiques. <\/p>\n\n\n\n<p class=\"has-text-align-center\"><strong>Dur\u00e9e des s\u00e9ances<\/strong> : 45 minutes<\/p>\n\n\n\n<p class=\"has-text-align-center\"><strong>Tarif <\/strong>: 65 euros<\/p>\n\n\n\n<div style=\"height:20px\" aria-hidden=\"true\" class=\"wp-block-spacer\"><\/div>\n<\/div>\n\n\n\n<div class=\"wp-block-column is-layout-flow wp-block-column-is-layout-flow\"><div class=\"wp-block-image icon-style is-style-rounded\">\n<figure class=\"aligncenter size-large\"><img decoding=\"async\" src=\"http:\/\/clairegaultier.fr\/wp-content\/uploads\/2020\/01\/neve-webdesign-GB-01.png\" alt=\"\" class=\"wp-image-18\"\/><\/figure>\n<\/div>\n\n\n<div style=\"height:20px\" aria-hidden=\"true\" class=\"wp-block-spacer\"><\/div>\n\n\n\n<h3 class=\"wp-block-heading has-text-align-center has-neve-text-color-color has-text-color\">Objectif<\/h3>\n\n\n\n<p class=\"has-text-align-center\">Se r\u00e9concilier avec soi-m\u00eame, et retrouver :<\/p>\n\n\n\n<ul class=\"wp-block-list\">\n<li>Libert\u00e9<\/li>\n\n\n\n<li>Envie<\/li>\n\n\n\n<li>Joie de vivre<\/li>\n\n\n\n<li>\u00c9quilibre<\/li>\n\n\n\n<li>Confiance<\/li>\n\n\n\n<li>Harmonie &#8230;<\/li>\n<\/ul>\n\n\n\n<div style=\"height:20px\" aria-hidden=\"true\" class=\"wp-block-spacer\"><\/div>\n<\/div>\n<\/div>\n\n\n\n<div class=\"wp-block-cover alignfull\" style=\"min-height:600px;aspect-ratio:unset;\"><span aria-hidden=\"true\" class=\"wp-block-cover__background has-nv-light-bg-background-color has-background-dim-100 has-background-dim\"><\/span><div class=\"wp-block-cover__inner-container is-layout-flow wp-block-cover-is-layout-flow\">\n<div class=\"wp-block-group\"><div class=\"wp-block-group__inner-container is-layout-flow wp-block-group-is-layout-flow\">\n<div class=\"wp-block-columns are-vertically-aligned-center is-layout-flex wp-container-core-columns-is-layout-9d6595d7 wp-block-columns-is-layout-flex\">\n<div class=\"wp-block-column is-vertically-aligned-center is-layout-flow wp-block-column-is-layout-flow\" style=\"flex-basis:50%\">\n<p><\/p>\n\n\n\n<figure class=\"wp-block-image size-full\"><img loading=\"lazy\" decoding=\"async\" width=\"600\" height=\"600\" src=\"https:\/\/clairegaultier.fr\/wp-content\/uploads\/2023\/06\/hommeDeV.png\" alt=\"\" class=\"wp-image-378\" srcset=\"https:\/\/clairegaultier.fr\/wp-content\/uploads\/2023\/06\/hommeDeV.png 600w, https:\/\/clairegaultier.fr\/wp-content\/uploads\/2023\/06\/hommeDeV-300x300.png 300w, https:\/\/clairegaultier.fr\/wp-content\/uploads\/2023\/06\/hommeDeV-150x150.png 150w\" sizes=\"auto, (max-width: 600px) 100vw, 600px\" \/><\/figure>\n<\/div>\n\n\n\n<div class=\"wp-block-column is-vertically-aligned-center is-layout-flow wp-block-column-is-layout-flow\" style=\"flex-basis:50%\">\n<h2 class=\"wp-block-heading has-text-align-left has-neve-text-color-color has-text-color\">Orientations combin\u00e9es<\/h2>\n\n\n\n<p class=\"has-text-align-left has-neve-text-color-color has-text-color\" style=\"font-size:17px\"><strong>Approche humaniste<\/strong> : les conflits sont nourris de la r\u00e9alit\u00e9 subjective, l\u2019homme a la capacit\u00e9 de trouver en lui les ressources de la r\u00e9silience, la capacit\u00e9 de se d\u00e9passer, de se surpasser.<\/p>\n\n\n\n<p class=\"has-nv-dark-bg-color has-text-color has-link-color wp-elements-1e29ab070c629d2377a9f47cca334082\"><mark style=\"background-color:rgba(0, 0, 0, 0)\" class=\"has-inline-color has-nv-dark-bg-color\"><strong>Approche syst\u00e9mique<\/strong> : les conflits \u00e9mergent lors d\u2019interactions entre individu et groupe d\u2019individus (famille, \u00e9cole, travail\u2026), il s\u2019agit de comprendre les situations au cours desquelles les troubles se produisent ou bien se renforcent<\/mark>.<\/p>\n\n\n\n<p class=\"has-nv-dark-bg-color has-text-color has-link-color wp-elements-aaf1f516b89cfa2e4d428f42c81f76cb\"><mark style=\"background-color:rgba(0, 0, 0, 0)\" class=\"has-inline-color has-nv-dark-bg-color\"><strong>Approche psychanalytique<\/strong> : les conflits inconscients peuvent remonter \u00e0 la petite enfance, ils provoquent des d\u00e9s\u00e9quilibres inattendus en soi ou des<\/mark> <mark style=\"background-color:rgba(0, 0, 0, 0)\" class=\"has-inline-color has-nv-dark-bg-color\">ph\u00e9nom\u00e8nes qui se r\u00e9p\u00e8tent. On ne gu\u00e9rit pas de son sympt\u00f4me dixit Jacques Lacan, on apprend \u00e0 \u00ab&nbsp;savoir y faire avec&nbsp;\u00bb<\/mark>.<\/p>\n<\/div>\n<\/div>\n<\/div><\/div>\n<\/div><\/div>\n\n\n\n<div class=\"wp-block-cover\" style=\"min-height:56px;aspect-ratio:unset;\"><span aria-hidden=\"true\" class=\"wp-block-cover__background has-nv-site-bg-background-color has-background-dim-100 has-background-dim\"><\/span><div class=\"wp-block-cover__inner-container is-layout-flow wp-block-cover-is-layout-flow\">\n<p class=\"has-text-align-center has-large-font-size\"><\/p>\n<\/div><\/div>\n\n\n\n<div class=\"wp-block-cover alignfull\" style=\"min-height:600px;aspect-ratio:unset;\"><span aria-hidden=\"true\" class=\"wp-block-cover__background has-nv-site-bg-background-color has-background-dim-100 has-background-dim\"><\/span><div class=\"wp-block-cover__inner-container is-layout-flow wp-block-cover-is-layout-flow\">\n<div class=\"wp-block-group\"><div class=\"wp-block-group__inner-container is-layout-flow wp-block-group-is-layout-flow\">\n<div class=\"wp-block-columns are-vertically-aligned-center is-layout-flex wp-container-core-columns-is-layout-9d6595d7 wp-block-columns-is-layout-flex\">\n<div class=\"wp-block-column is-vertically-aligned-center is-layout-flow wp-block-column-is-layout-flow\" style=\"flex-basis:50%\">\n<h2 class=\"wp-block-heading has-text-align-left has-neve-text-color-color has-text-color\">Respect du code de d\u00e9ontologie des psychologues<\/h2>\n\n\n\n<p class=\"has-text-align-left has-neve-text-color-color has-text-color\" style=\"font-size:17px\"><strong>Principe 1<\/strong> : Respect des droits fondamentaux de la personne, de sa dignit\u00e9 et de sa libert\u00e9<\/p>\n\n\n\n<p class=\"has-text-align-left has-neve-text-color-color has-text-color\" style=\"font-size:17px\"><strong>Principe 2<\/strong> : Respect de la vie priv\u00e9e, du secret professionnel, de la confidentialit\u00e9<\/p>\n\n\n\n<p class=\"has-text-align-left has-neve-text-color-color has-text-color\" style=\"font-size:17px\"><strong>Principe 3<\/strong> : Int\u00e9grit\u00e9 et probit\u00e9<\/p>\n\n\n\n<p class=\"has-text-align-left has-neve-text-color-color has-text-color\" style=\"font-size:17px\"><strong>Principe 4<\/strong> : Comp\u00e9tence<\/p>\n\n\n\n<p class=\"has-text-align-left has-neve-text-color-color has-text-color\" style=\"font-size:17px\"><strong>Principe 5<\/strong> : Responsabilit\u00e9 et autonomie professionnelle<\/p>\n\n\n\n<p class=\"has-text-align-left has-neve-text-color-color has-text-color\" style=\"font-size:17px\"><strong>Principe 6<\/strong> : Rigueur et respect du cadre d&#8217;intervention<\/p>\n<\/div>\n\n\n\n<div class=\"wp-block-column is-vertically-aligned-center is-layout-flow wp-block-column-is-layout-flow\" style=\"flex-basis:50%\">\n<figure class=\"wp-block-image size-full\"><img loading=\"lazy\" decoding=\"async\" width=\"559\" height=\"594\" src=\"https:\/\/clairegaultier.fr\/wp-content\/uploads\/2023\/06\/rodin.png\" alt=\"\" class=\"wp-image-361\" srcset=\"https:\/\/clairegaultier.fr\/wp-content\/uploads\/2023\/06\/rodin.png 559w, https:\/\/clairegaultier.fr\/wp-content\/uploads\/2023\/06\/rodin-282x300.png 282w\" sizes=\"auto, (max-width: 559px) 100vw, 559px\" \/><\/figure>\n<\/div>\n<\/div>\n<\/div><\/div>\n<\/div><\/div>\n\n\n\n<div class=\"wp-block-cover alignfull\" style=\"min-height:300px;aspect-ratio:unset;\"><span aria-hidden=\"true\" class=\"wp-block-cover__background has-nv-dark-bg-background-color has-background-dim-100 has-background-dim\"><\/span><div class=\"wp-block-cover__inner-container is-layout-flow wp-block-cover-is-layout-flow\">\n<h2 class=\"wp-block-heading has-text-align-center has-nv-text-dark-bg-color has-text-color\">Mes valeurs<\/h2>\n\n\n\n<h2 class=\"wp-block-heading has-text-align-center\">Libert\u00e9, respect, \u00e9quit\u00e9, diversit\u00e9, <\/h2>\n\n\n\n<h2 class=\"wp-block-heading has-text-align-center\">\u00e9tonnement, imagination.<\/h2>\n<\/div><\/div>\n\n\n\n<div class=\"wp-block-cover alignfull\" style=\"min-height:934px;aspect-ratio:unset;\"><span aria-hidden=\"true\" class=\"wp-block-cover__background has-nv-dark-bg-background-color has-background-dim\"><\/span><img loading=\"lazy\" decoding=\"async\" width=\"1000\" height=\"640\" class=\"wp-block-cover__image-background wp-image-355\" alt=\"\" src=\"https:\/\/clairegaultier.fr\/wp-content\/uploads\/2023\/06\/imgAC.jpg\" data-object-fit=\"cover\" srcset=\"https:\/\/clairegaultier.fr\/wp-content\/uploads\/2023\/06\/imgAC.jpg 1000w, https:\/\/clairegaultier.fr\/wp-content\/uploads\/2023\/06\/imgAC-300x192.jpg 300w, https:\/\/clairegaultier.fr\/wp-content\/uploads\/2023\/06\/imgAC-768x492.jpg 768w\" sizes=\"auto, (max-width: 1000px) 100vw, 1000px\" \/><div class=\"wp-block-cover__inner-container is-layout-flow wp-block-cover-is-layout-flow\">\n<h2 class=\"wp-block-heading has-text-align-center has-nv-text-dark-bg-color has-text-color\">&#8220;Mal nommer les choses, c&#8217;est ajouter au malheur du monde.&#8221;<\/h2>\n\n\n\n<h2 class=\"wp-block-heading has-text-align-center has-nv-text-dark-bg-color has-text-color\">&#8220;Les doutes, c&#8217;est ce que nous avons de plus intime.&#8221;<\/h2>\n\n\n\n<h2 class=\"wp-block-heading has-text-align-center has-nv-text-dark-bg-color has-text-color\">&#8220;L&#8217;important n&#8217;est pas de gu\u00e9rir mais de mieux vivre avec nos maux.&#8221;<\/h2>\n\n\n\n<p>Albert Camus<\/p>\n<\/div><\/div>\n","protected":false},"excerpt":{"rendered":"<p>Pourquoi consulter ? J&#8217;interviens aupr\u00e8s de toute personne ayant perdu confiance en soi, vivant un mal-\u00eatre, se repliant sur elle-m\u00eame, se sentant \u00ab&nbsp;emp\u00each\u00e9e&nbsp;\u00bb dans son quotidien, ses projets et plus globalement en souffrance psychologique. Sp\u00e9cialis\u00e9e en mati\u00e8re de souffrance li\u00e9e \u00e0 l\u2019activit\u00e9professionnelle (surmenage, harc\u00e8lement \u2026), je justifie d&#8217;une exp\u00e9rience professionnelle dans de grandes entreprises \u00e0&hellip;&nbsp;<a href=\"https:\/\/clairegaultier.fr\/\" class=\"\" rel=\"bookmark\">Read More &raquo;<span class=\"screen-reader-text\">Home<\/span><\/a><\/p>\n","protected":false},"author":2,"featured_media":0,"parent":0,"menu_order":0,"comment_status":"closed","ping_status":"closed","template":"","meta":{"neve_meta_sidebar":"default","neve_meta_container":"default","neve_meta_enable_content_width":"on","neve_meta_content_width":100,"neve_meta_title_alignment":"","neve_meta_author_avatar":"","neve_post_elements_order":"","neve_meta_disable_header":"","neve_meta_disable_footer":"","neve_meta_disable_title":"on","_themeisle_gutenberg_block_has_review":false,"_ti_tpc_template_sync":false,"_ti_tpc_template_id":"5udqur826ojgsxrmsxsc","footnotes":""},"class_list":["post-5","page","type-page","status-publish","hentry"],"_links":{"self":[{"href":"https:\/\/clairegaultier.fr\/index.php\/wp-json\/wp\/v2\/pages\/5","targetHints":{"allow":["GET"]}}],"collection":[{"href":"https:\/\/clairegaultier.fr\/index.php\/wp-json\/wp\/v2\/pages"}],"about":[{"href":"https:\/\/clairegaultier.fr\/index.php\/wp-json\/wp\/v2\/types\/page"}],"author":[{"embeddable":true,"href":"https:\/\/clairegaultier.fr\/index.php\/wp-json\/wp\/v2\/users\/2"}],"replies":[{"embeddable":true,"href":"https:\/\/clairegaultier.fr\/index.php\/wp-json\/wp\/v2\/comments?post=5"}],"version-history":[{"count":30,"href":"https:\/\/clairegaultier.fr\/index.php\/wp-json\/wp\/v2\/pages\/5\/revisions"}],"predecessor-version":[{"id":409,"href":"https:\/\/clairegaultier.fr\/index.php\/wp-json\/wp\/v2\/pages\/5\/revisions\/409"}],"wp:attachment":[{"href":"https:\/\/clairegaultier.fr\/index.php\/wp-json\/wp\/v2\/media?parent=5"}],"curies":[{"name":"wp","href":"https:\/\/api.w.org\/{rel}","templated":true}]}}